-r*m - 2*d + 22 = 0, -2*m + 12 = -3*d - 15. What are the prime factors of (1 + 2)*m/3?
2, 3
Suppose 5*a + j - 2100 = -4*j, -j + 1686 = 4*a. List the prime factors of a.
2, 211
Let h(i) = -i + 89*i**2 + i**3 - 6 + 2 - 81*i**2. Let w be h(-8). Suppose w*j - 93 = 27. What are the prime factors of j?
2, 3, 5
Let w = 10 - 11. Let n(k) = -49*k**3 + 1. What are the prime factors of n(w)?
2, 5
Suppose -3*m = 6, -u + 2*m = -430 - 169. What are the prime factors of u?
5, 7, 17
List the prime factors of (-1)/(10/1876)*(-5)/2.
7, 67
Let g be 18*6 - 6/2. Suppose -7*f = 35 - g. List the prime factors of (-17)/(-85) + 158/f.
2
Let h = 3386 + -1845. List the prime factors of h.
23, 67
Let t be 8/2 - 10/(6 + -1). Suppose t*w - 121 - 135 = 0. List the prime factors of w.
2
Let c(q) = 26*q. Let w(z) = 13*z. Let j(r) = -4*c(r) + 9*w(r). Let f = -3 - -4. What are the prime factors of j(f)?
13
Suppose 6*y + 4*x - 4 = y, 4*x = -3*y - 4. Suppose 2*f = -y*s + 58, s + 143 = 3*f + f. Let i = -11 + f. List the prime factors of i.
2, 3
Suppose 4*c + 28*u - 9338 = 23*u, 2*c = u + 4676. What are the prime factors of c?
3, 19, 41
What are the prime factors of 234*(-4)/(-40)*25?
3, 5, 13
Let r = -17 - -18. List the prime factors of (-6)/3 + r + (61 - 3).
3, 19
Suppose 6*v = 4*v + 10. Let b(c) = c**2 + 4. Let a be b(-8). Suppose 0 = v*k - 13 - 7, 3*x + 2*k = a. List the prime factors of x.
2, 5
Let q(t) be the second derivative of -3/2*t**2 + 0 - 4*t + 5/6*t**3. What are the prime factors of q(6)?
3
Let w(m) = -109*m + 126. List the prime factors of w(-5).
11, 61
Suppose 0 = 2*f + 27 - 11. Let v(w) = -w**2 - 10*w - 1. Let i be v(f). Suppose -18*z = -i*z - 150. What are the prime factors of z?
2, 5
Suppose -2*r = 4*v, -2*r - 3*v + 4 - 2 = 0. Suppose 8*h = r*h + 168. What are the prime factors of h?
2, 3, 7
What are the prime factors of (84813/18)/17*6?
1663
Let b = 41 - 39. Suppose -b*m + 41 = -19. What are the prime factors of m?
2, 3, 5
Suppose 458 = g - 2*f, g = -0*f + 3*f + 455. What are the prime factors of g?
2, 29
List the prime factors of 9/((-63)/112)*1671/(-12).
2, 557
Let b = -596 + 1802. List the prime factors of b.
2, 3, 67
Let z(b) = -12*b - 21. Let y be z(-9). Let p = y - 56. List the prime factors of p.
31
Suppose 0 = 4*n - l - 300, 3*l = 5*n - 214 - 168. Suppose 2*a = -4*k + n, -a - 3*a = 20. What are the prime factors of k?
3, 7
Let b(c) be the third derivative of -c**5/60 + 5*c**4/8 - c**3/6 + 2*c**2. What are the prime factors of b(10)?
7
Suppose -7*i - 6329 + 30668 = 0. What are the prime factors of i?
3, 19, 61
Let n(t) = 6*t**3 - 1. Let s be n(-1). Let l = s + -2. What are the prime factors of 3/l*-3 + 1?
2
Suppose 0 = -5*r + 8*r + 9. List the prime factors of -1*(-150 - (r - 2)).
5, 29
Let u(q) = 3*q**2 - 13*q - 24. What are the prime factors of u(-6)?
2, 3
List the prime factors of (17/((-85)/(-232)))/((-2)/(-10)).
2, 29
Let h(j) = -j**2 - j - 1. Let s(n) = 5*n**2 + 14*n - 12. Let b(m) = 2*h(m) + s(m). List the prime factors of b(-6).
2, 11
Let t be ((-2)/2)/((-1)/13). Let g be -1*6/9*-6 - 0. Suppose -g*p + 18 = -3*n, n = 3*p - t - 3. List the prime factors of p.
2, 3
Let a(m) = -4*m**3 - 12*m - 49. What are the prime factors of a(-8)?
5, 419
Let o(d) = 47*d**3 - 6*d**2 + 3*d + 1. List the prime factors of o(2).
359
What are the prime factors of ((-2)/4)/(6/(-8479 - -7))?
2, 353
Suppose k = -5*y + 4*y + 15, -8 = -2*y. What are the prime factors of k?
11
Let g(k) = 11*k**2 - 27*k**2 + 6*k**2 + k**3 - 10*k - 3. List the prime factors of g(11).
2
Let z(i) = -6*i**2 + 100*i - 20. List the prime factors of z(8).
2, 3, 11
Let d be (2 - 5)*4/(12/(-81)). Let k be (-6)/9 + 236/(-6). Let x = d + k. List the prime factors of x.
41
Let g be 2518/(-12) - (-18)/(-108). Let x = g - -318. Suppose -2*c + x = c. What are the prime factors of c?
2, 3
Suppose 4*t + t = -4*i + 12776, 0 = 2*t + i - 5108. List the prime factors of t.
2, 11, 29
Let x(d) = -134*d - 84. What are the prime factors of x(-5)?
2, 293
Suppose 0 = 11*t - 917 - 2339. What are the prime factors of t?
2, 37
Let t = -11 + 11. Let w = 44 + t. What are the prime factors of w?
2, 11
Let r(i) = -i**3 - 12*i**2 - 3*i - 3. Let h be r(-12). Suppose -2*x - 5*p = 39, -2*x = -x + p + 18. Let k = h + x. List the prime factors of k.
2
Let z(v) = 2*v**2. Let a be z(0). Suppose 5*f - 9 = 11, -5*m - 2*f + 48 = a. What are the prime factors of m?
2
Let i(b) be the second derivative of b**7/840 - b**6/720 + b**4/4 + 2*b. Let l(f) be the third derivative of i(f). List the prime factors of l(1).
2
Let t = 37 - 17. Let q = t + -10. What are the prime factors of q?
2, 5
Let j(h) = -h**3 + 11*h**2 - 5*h + 1. Suppose -6*v + 28 = 4. What are the prime factors of j(v)?
3, 31
Suppose 2*z - 2*r - 882 = 0, -12*z = -9*z + 3*r - 1305. What are the prime factors of z?
2, 3, 73
Suppose -2*s = -7*s + 4*b - 10, 2*b - 6 = 2*s. Suppose -420 = -3*k - s*n, -2*k + 248 = -n - 32. Suppose -4*y + 9*y = k. What are the prime factors of y?
2, 7
Let v(b) = b**3 - 11*b**2 - 12*b + 3. Let n be v(12). Suppose -h = -n*h - 28. What are the prime factors of (-86)/(-12) - h/(-84)?
7
Let y(k) = -k + 10. Let z be y(12). Let j = 4 + z. Suppose 25 = 5*c, -140 = -7*f + j*f - 2*c. What are the prime factors of f?
2, 13
Let j = 49 + -16. Suppose 5*x + i - 75 = 6*i, 0 = -5*i + 25. Let q = j - x. List the prime factors of q.
13
What are the prime factors of 3/2*(-32)/(-24) + 382?
2, 3
Suppose -4*b - 60 = k, -b = -6*k + 3*k + 2. What are the prime factors of -5*(b - 3/1)?
5, 17
Suppose 2*v + 3*v - 1825 = 0. List the prime factors of v.
5, 73
Suppose -2*t + 2*f = -4 + 2, -3*f = -5*t + 13. Suppose a - 3*h - 103 = -a, 4*h = -t*a + 269. What are the prime factors of a?
53
Let k(i) = -3*i**3 + 4*i**2 - 3*i. Suppose -6*b + 6 = -3*b. Let z be k(b). List the prime factors of (40/28)/((-1)/z).
2, 5
Suppose 5*l + 2*h = 4*h + 744, -5*h = -5*l + 735. Let a = l + -63. List the prime factors of a.
3, 29
Suppose -2*m = 5*q + m - 464, 0 = 2*q - 3*m - 173. Let k = 348 - q. List the prime factors of k.
257
Let q(y) = y**3 + 6*y**2 + 7*y + 7. Let f be q(-6). Let u = 39 - f. What are the prime factors of u?
2, 37
Let v be 1/(-1*((-2)/6 - 0)). Let n(c) = -c - 12. Let q(t) = t + 1. Let x(j) = n(j) + 5*q(j). What are the prime factors of x(v)?
5
Let y(n) = n**3 - 7*n**2 + 8*n - 7. Let x be y(6). Suppose -370 = -5*g + 5*j, 0*g = -4*g - x*j + 305. What are the prime factors of g?
3, 5
List the prime factors of 226/(-2)*(490 - 15)/(-19).
5, 113
Suppose u + 4*u = 260. Suppose -3*l = -6*m + 3*m + 57, -5*l = -4*m + 90. Let d = u + l. List the prime factors of d.
2, 19
Let q(d) be the first derivative of 5*d**3 + d**2/2 + d + 8. Suppose -3*p + 1 = -4*p. What are the prime factors of q(p)?
3, 5
Let f(c) = -c**2 - 17*c - 23. Suppose -5*l = -3*l - 44. Let s = 11 - l. What are the prime factors of f(s)?
43
Let a(s) = -4*s**3 - 4*s**2 + 17*s + 10. Let r(n) = 3*n**3 + 4*n**2 - 16*n - 11. Let q(w) = -2*a(w) - 3*r(w). What are the prime factors of q(-7)?
2, 31
Suppose -13*p - 15*p = -38556. What are the prime factors of p?
3, 17
Let s = 1714 - -2143. List the prime factors of s.
7, 19, 29
Let o = -29 + 33. Suppose o*i - 75 = 125. List the prime factors of i.
2, 5
Suppose -13*d - 14 = -11*d. Let u(g) = 3*g**2 + 4*g - 23. What are the prime factors of u(d)?
2, 3
Let n(z) be the first derivative of z**3/3 - z**2/2 + 27*z + 3. List the prime factors of n(0).
3
Suppose 0 = 5*t + 32 - 7, 0 = -3*s + 3*t + 12. List the prime factors of 3*(6 - -223)*s/(-3).
229
Suppose -2*t - 5*w + 346 = 0, -3*w + 1 - 7 = 0. Let y = t + -81. List the prime factors of y.
97
Let a(y) be the second derivative of -y**5/20 - 7*y**4/12 + y**3/6 + 2*y**2 - 6*y. Suppose -9 = j + 4*b - 1, -24 = 3*j - b. What are the prime factors of a(j)?
2, 3, 5
Suppose -19*m + 66 = -20*m. Let p = -58 - m. What are the prime factors of p?
2
Suppose 0 = -5*t - 0*t + 20. Suppose -t*q = -20 - 20. What are the prime factors of q?
2, 5
Let l = 108 + -210. Let a = 178 + l. List the prime factors of a.
2, 19
Let l(s) = s**2 - 3*s + 4. Let b be l(3). Let i be (10*-1)/(b/(-8)). Suppose 4*c - i = 44. What are the prime factors of c?
2
Suppose 4*j + 3*w = -54 - 21, -4*j - 2*w - 70 = 0. Let o = -3 - j. What are the prime factors of o?
2, 3
Suppose 2*o + p - 51